c) = -c**3 - 10*c**2 - 15*c + 13. Let d be s(-8). Suppose -5*k + 4*o + 458 = d*o, -5*k = -4*o - 443. Calculate the highest common factor of 13 and k.
13
Suppose -5*t + 26 = -2*k, t - 9*k + 12*k - 12 = 0. Calculate the highest common factor of 8 and t.
2
Let v = -2 - -26. Suppose -6*h - v = -12*h. Let t = 66 + -38. What is the highest common divisor of t and h?
4
Let m = 345 - 344. Suppose -2 = -5*o + 38. Calculate the greatest common divisor of o and m.
1
Let i = 66 + -61. Let b be 274/i - (-2)/10. Suppose 4*j - o - 47 = 2*o, o = j - 12. Calculate the greatest common divisor of j and b.
11
Let r = -5 - -10. Suppose 2*b - r*p = -2, 3*b + 2*p = -b + 20. Suppose 2*n = b*s - 364, -3*s - 5*n = 2*s - 440. What is the greatest common factor of s and 36?
18
Let q be ((-2)/(-6)*(-2808)/24)/(-1). What is the highest common factor of 169 and q?
13
Let i = -12 - -31. Suppose -z - 4*z + 15 = 0, 0 = -4*y - z + i. What is the greatest common factor of 4 and y?
4
Suppose -3*o = 5*i - 221, -2*o + 175 = i + 16. Calculate the greatest common divisor of 2378 and o.
82
Let s(l) = l**2 + 10*l + 3. Let w be s(-9). Let g = 31 - 15. Let a be (g/12)/(w/(-117)). What is the greatest common divisor of 286 and a?
26
Suppose 16*x - 71 = -7. Suppose -23 - 24 = -3*o + 2*k, 5*o + x*k - 115 = 0. Calculate the greatest common divisor of o and 19.
19
Let u(f) = 4*f + 1. Let o be u(1). What is the highest common divisor of 65 and o?
5
Suppose -22 = -3*y - 10*k + 15*k, 5*y - 2*k = 62. Calculate the highest common divisor of y and 6.
2
Let d = -521 + 693. What is the highest common factor of d and 215?
43
Let b = -49 + 105. Suppose 4*x - 20 = -4*l, -5*x + 2 = -l - 35. What is the greatest common divisor of x and b?
7
Let f = 5450 - 5440. Let v(j) = -j**3 + 7*j**2 - 5*j + 5. Let w be v(5). What is the highest common factor of w and f?
10
Suppose -95*s + 637 + 218 = 0. What is the highest common factor of 57 and s?
3
Let u = -61 - -92. Suppose -5*n = -109 - u. Suppose m = -4*c + 59, c - 8*m - 5 = -5*m. What is the highest common factor of c and n?
14
Suppose -607 = 9*l - 2875. Calculate the highest common divisor of l and 54.
18
Let z(l) = 16*l**2. Let s be z(-3). Calculate the greatest common factor of 112 and s.
16
Let k = -158 - -163. Calculate the greatest common divisor of k and 1985.
5
Let c = -128 + 275. What is the highest common divisor of 168 and c?
21
Let r(x) = -20*x**2 + 6*x - 9. Let u be r(3). Let j = -103 - u. What is the greatest common factor of 17 and j?
17
Let i be 3/((99/(-228))/(-11)) - -4. What is the highest common factor of 50 and i?
10
Let y = -44 + 49. Suppose c - 4 = y*z + 104, 2*z = -3*c + 256. What is the greatest common divisor of 8 and c?
8
Let v(m) = -4 - 8*m + 2 - 19*m**2 + 243*m**2 + 10*m. Let s be v(1). What is the greatest common divisor of s and 14?
14
Let b be (-50)/(-30) + 2/6. Suppose 0 = -b*i + 508 - 40. Calculate the greatest common factor of i and 26.
26
Let u(c) = -9*c. Let t be u(-1). Let f(i) = -i**2 - 10*i - 6. Let n be f(-8). Suppose -4 = 2*o - n. What is the highest common factor of o and t?
3
Suppose -h = -4*k - 25, 3*k = h + 9 - 30. What is the greatest common divisor of h and 45?
9
Let x be -477*60/(-864) + 2/(-16). What is the highest common factor of x and 308?
11
Suppose 124 = 5*r + 99. Suppose r*m = 100 + 60. Calculate the greatest common factor of 32 and m.
32
Suppose -4 = 2*w, 2*w = 4*y - w + 1374. Let v = -201 - y. What is the greatest common divisor of v and 16?
16
Suppose 0*n - 4*n = -q - 76, 12 = -3*q. Let v = 12 - n. Let d = 15 + v. What is the highest common divisor of 9 and d?
9
Suppose -18*j - 3*j + 189 = 0. Let a(u) = -u**3 + 5*u**2 + 5*u + 7. Let k be a(6). What is the greatest common divisor of k and j?
1
Let t(q) = -q + 11. Let g be t(10). Let f be 35 + -8 - (-1 + g). Let a be -3*1/1 - -6. What is the highest common factor of a and f?
3
Suppose 3*z = -x + 160 + 11, z + 3*x = 57. Suppose -3*s + 4*a + 96 = -s, -s + 18 = 4*a. Calculate the highest common divisor of s and z.
19
Let y = 62 - 33. Let c = -288 - -549. Calculate the greatest common factor of y and c.
29
Suppose 3*v - 9 = n, -v + 5*n + 0 = -3. Suppose 201*k = 203*k + 48. Let z be v/k + 33/8. What is the highest common factor of z and 1?
1
Let r be -13 + (2 - 6) + 3. Let n be (-88)/9 - r/(-63). Let o(v) = -v + 2. Let j be o(n). Calculate the highest common factor of j and 12.
12
Suppose -4*k + 189 = 5*k. Calculate the highest common divisor of k and 49.
7
Let c be 190/15*3/2. Suppose 5*g + 119 = c. Let a be 54/10 + 8/g. Calculate the greatest common factor of a and 5.
5
Let v(y) = 132*y - 759. Let w be v(8). What is the greatest common factor of 54 and w?
27
Let j(a) be the third derivative of -a**5/60 - 5*a**4/8 + 8*a**3/3 + 12*a**2. Let r be j(-14). What is the highest common factor of 50 and r?
10
Suppose -l + 68 = -2*a, -3*a + 15 - 24 = 0. What is the highest common divisor of l and 93?
31
Let s(d) = 6*d**2 + 37*d + 195. Let t be s(-5). What is the highest common divisor of t and 20?
20
Let c be 0/(-1) - (0 - 2). Suppose 12 = 4*t + 4. Suppose -c = -t*v - 0. What is the greatest common factor of v and 3?
1
Let z(t) = -t + 252. Let q be z(-9). Calculate the greatest common divisor of 6 and q.
3
Let g(l) = 5*l - 8. Let u be g(2). Let k be 26/(1/u - 0). Calculate the highest common factor of k and 130.
26
Suppose 19*q - 4938 = -4*o + 21*q, -3*o + 3*q + 3702 = 0. What is the highest common factor of o and 26?
13
Let j = 263 - -80. Suppose 10*w = j + 457. What is the greatest common factor of 40 and w?
40
Suppose -5*b = -13*b + 288. What is the greatest common factor of 168 and b?
12
Let u be 5 - -32 - (-2 - -3). What is the greatest common divisor of 432 and u?
36
Suppose o + 5*d - 366 = 0, o + 0*d = -3*d + 370. Suppose 0 = -3*y - x + 526, 3*x - o - 498 = -5*y. What is the greatest common factor of 32 and y?
16
Suppose n = -3*p + 333, -2*p - 5*n + 321 = p. Calculate the greatest common divisor of 3248 and p.
112
Let v = -126 + 237. Let w = -96 + v. What is the highest common factor of w and 10?
5
Suppose -2*k + 10 - 2 = 0. Let h(d) = 9*d - 8. Let z be h(k). What is the highest common divisor of z and 14?
14
Let z = -78 - -83. Suppose 5*j - j - 2*y = 232, 2*j + z*y - 92 = 0. Calculate the greatest common divisor of j and 7.
7
Let b = 10 + -4. Let j = -36 + 45. Let r be (3 + j/(-7))/(3/21). Calculate the greatest common factor of b and r.
6
Suppose -664 - 3802 = -14*p. Suppose 5*u - 145 = -0*u. What is the highest common divisor of p and u?
29
Let l be (4/2 + -30)*-1. Let a be ((-14)/(-21))/(((-37)/(-6))/37). Calculate the highest common divisor of a and l.
4
Let z be 1*(-2)/1 + 7. Suppose -2*v = -6*t + 2*t + 1444, -4*t - v + 1438 = 0. Suppose -t = -4*b - 4*b. Calculate the highest common factor of z and b.
5
Let o(x) = -x**3 + 6*x**2 + 2*x + 5. Let z be o(5). Suppose -2*a + 88 = 3*g, 3*a = 5*g - 4*g - 44. Calculate the greatest common divisor of g and z.
8
Let h be ((-234)/24)/(2/(-16)*2). Calculate the greatest common factor of 195 and h.
39
Let s(z) = -z**2 + 21*z + 15. Let m be s(20). What is the highest common divisor of m and 5?
5
Let s(n) = -62*n**3 + 2*n + 61*n**3 - 9*n**2 - 6 - 8*n. Let h be s(-9). Calculate the greatest common divisor of 120 and h.
24
Suppose 0 = -4*w + d - 143, -2*w = -3*d - 6 + 65. Let u = w - -58. Suppose u = -n + 4*n. What is the greatest common divisor of n and 63?
7
Let x(t) be the second derivative of 2*t**3/3 + 2*t. Let p be x(2). What is the greatest common factor of 24 and p?
8
Let v be 462/(-88)*(-4)/6*16. What is the highest common divisor of v and 32?
8
Let d = 224 - 198. Calculate the highest common factor of d and 13.
13
Suppose 0 = -4*m - 3*i + 11, -3*m + 0*i - 3*i + 9 = 0. Let q = -45 - -42. Let y be 8*m*9 - q. What is the highest common divisor of 21 and y?
21
Suppose 212 = 13*o - 48. Calculate the greatest common factor of o and 70.
10
Let k(v) be the second derivative of v**4/6 + 5*v**3/6 - v**2/2 - 11*v. Let u be k(-5). What is the greatest common divisor of u and 84?
12
Let f(y) be the first derivative of 19*y**2 + 7*y + 5. Let h be f(5). Let c = h + -127. What is the greatest common factor of c and 14?
14
Let p(a) = a**2 + 9*a - 98. Let u be p(7). What is the greatest common divisor of 917 and u?
7
Suppose 